{"id":9,"date":"2019-05-07T09:52:48","date_gmt":"2019-05-07T09:52:48","guid":{"rendered":"https:\/\/ra-spethmann.de\/?page_id=9"},"modified":"2024-03-18T12:21:10","modified_gmt":"2024-03-18T12:21:10","slug":"ueber-mich","status":"publish","type":"page","link":"https:\/\/ra-spethmann.de\/index.php\/ueber-mich\/","title":{"rendered":"25 Jahre Erfahrung"},"content":{"rendered":"\n<p><strong>Rechtsanw\u00e4ltin Viviane Spethmann<\/strong><\/p>\n\n\n\n<p>Fachanw\u00e4ltin f\u00fcr Familienrecht<\/p>\n\n\n<p><strong>Rechtsanwalt Sven Oliver Spethmann<\/strong><\/p>\n<p>Arbeitsrecht, Erbrecht, Mietrecht, Vertragsrecht, allgemeines Zivilrecht<\/p>\n<\/p>\n\n\n<p>Die Anwaltskanzlei\nSpethmann &amp; Spethmann wurde im Jahr 2001 gegr\u00fcndet und besteht seit 2011\nals Partnerschaftsgesellschaft. <\/p>\n\n\n\n<p>Wir sind eine zivilrechtlich spezialisierte Kanzlei. Wir legen Wert auf eine individuelle und kompetente Beratung und k\u00f6nnen bei Bedarf auf ein vielseitiges Kompetenznetzwerk zur\u00fcckgreifen. Somit gew\u00e4hrleisten wir die Einbeziehung von steuerlichen und kaufm\u00e4nnischen Aspekten.<\/p>\n\n\n\n<p>Bevor wir in das gerichtliche Verfahren eintreten sind wir bestrebt, uns zun\u00e4chst um eine au\u00dfergerichtliche Einigung zu bem\u00fchen; dies spart Zeit, Geld und Nerven.<\/p>\n\n\n\n<p><strong>Unsere Kooperationspartner f\u00fcr Steuerrechtliche Bez\u00fcge: <\/strong><\/p>\n\n\n\n<p><strong>InterGest Germany &#8211; InterGest Steuerberatungsgesellschaft mbH<\/strong><\/p>\n\n\n\n<p>Stra\u00dfenbahnring 13, 20251 Hamburg<\/p>\n\n\n\n<p>Tel. + 4940 411 606946\u00a0 Fax: + 4940 411 606999<\/p>\n\n\n\n<p><strong>E-Mail:<\/strong>   <a href=\"http:\/\/www.goessler-partner.de\">http:\/\/www.office.germany@intergest.com<\/a><\/p>\n\n\n\n<p><\/p>\n\n\n\n<p><strong>Georg Berssenbr\u00fcgge, Steuerberater<\/strong>, Luisenstra\u00dfe 38, 10117 Berlin<\/p>\n\n\n\n<p>Tel.: 030 2201 2992 0 <\/p>\n\n\n\n<p><strong>E-Mail:<\/strong> <a href=\"http:\/\/www.goessler-partner.de\">http:\/\/www.office.germany@intergest.com<\/a><\/p>\n","protected":false},"excerpt":{"rendered":"<p>Rechtsanw\u00e4ltin Viviane Spethmann Fachanw\u00e4ltin f\u00fcr Familienrecht Rechtsanwalt Sven Oliver Spethmann Arbeitsrecht, Erbrecht, Mietrecht, Vertragsrecht, allgemeines Zivilrecht Die Anwaltskanzlei Spethmann &amp; Spethmann wurde im Jahr 2001 gegr\u00fcndet und besteht seit 2011 als Partnerschaftsgesellschaft. Wir sind eine zivilrechtlich spezialisierte Kanzlei. Wir legen Wert auf eine individuelle und kompetente Beratung und k\u00f6nnen bei Bedarf auf ein vielseitiges Kompetenznetzwerk &hellip; <\/p>\n<p class=\"link-more\"><a href=\"https:\/\/ra-spethmann.de\/index.php\/ueber-mich\/\" class=\"more-link\"><span class=\"screen-reader-text\">\u201e25 Jahre Erfahrung\u201c <\/span>weiterlesen<\/a><\/p>\n","protected":false},"author":1,"featured_media":88,"parent":0,"menu_order":0,"comment_status":"closed","ping_status":"closed","template":"","meta":{"footnotes":""},"class_list":["post-9","page","type-page","status-publish","has-post-thumbnail","hentry"],"_links":{"self":[{"href":"https:\/\/ra-spethmann.de\/index.php\/wp-json\/wp\/v2\/pages\/9"}],"collection":[{"href":"https:\/\/ra-spethmann.de\/index.php\/wp-json\/wp\/v2\/pages"}],"about":[{"href":"https:\/\/ra-spethmann.de\/index.php\/wp-json\/wp\/v2\/types\/page"}],"author":[{"embeddable":true,"href":"https:\/\/ra-spethmann.de\/index.php\/wp-json\/wp\/v2\/users\/1"}],"replies":[{"embeddable":true,"href":"https:\/\/ra-spethmann.de\/index.php\/wp-json\/wp\/v2\/comments?post=9"}],"version-history":[{"count":11,"href":"https:\/\/ra-spethmann.de\/index.php\/wp-json\/wp\/v2\/pages\/9\/revisions"}],"predecessor-version":[{"id":161,"href":"https:\/\/ra-spethmann.de\/index.php\/wp-json\/wp\/v2\/pages\/9\/revisions\/161"}],"wp:featuredmedia":[{"embeddable":true,"href":"https:\/\/ra-spethmann.de\/index.php\/wp-json\/wp\/v2\/media\/88"}],"wp:attachment":[{"href":"https:\/\/ra-spethmann.de\/index.php\/wp-json\/wp\/v2\/media?parent=9"}],"curies":[{"name":"wp","href":"https:\/\/api.w.org\/{rel}","templated":true}]}}